 = 0. What is the remainder when 1095/65 + (-2)/(-13) is divided by t?
1
Suppose 124*l - 122*l = -2*v + 1024, -3*l + 498 = v. Calculate the remainder when v is divided by 4.
3
Suppose 467*r - 5*v + 835 = 472*r, -16 = 2*v. Calculate the remainder when 1742 is divided by r.
167
Let h = -5040 + 5248. Calculate the remainder when 635 is divided by h.
11
Suppose 46*l = -536 + 2330. What is the remainder when 81 is divided by l?
3
Let v(x) = -x**2 - 3*x + 110. Let h be v(-12). Suppose -h*q + 12 = 8. Calculate the remainder when q is divided by (1 + 3 - 2) + -1.
0
Let j(a) = 226*a + 1741. What is the remainder when j(-7) is divided by 46?
21
Let q(h) = -4*h + 35. Suppose g = -x + 11, -3*g + 3*x + 9 + 12 = 0. Calculate the remainder when (g/(-27))/(1/(-15)) is divided by q(8).
2
Suppose 2*b = 155 - 27. Suppose 3*d - 2*n - 146 = 0, 4*n = 78*d - 83*d + 214. Calculate the remainder when d is divided by b/6*6/4.
14
Let c(r) be the third derivative of 13*r**4/24 - 187*r**3/6 + 165*r**2. What is the remainder when 70 is divided by c(17)?
2
Let s = -453 - -467. Suppose 3*r - s = q, -4*r - q = -0*q - 21. Suppose -2*j = -3*v + 5*v - 6, -2*v = -2*j - 18. Calculate the remainder when v is divided by r.
1
Let p(s) = s**3 - 21*s**2 + 6*s - 111. Let c = 30 + -44. What is the remainder when (-396)/c + 4/(-14) is divided by p(21)?
13
Let t(l) = l**3 + 2*l**2 - 6*l - 8. Let i be t(-2). Let r(f) = 4*f + 1. Calculate the remainder when 44 is divided by r(i).
10
Suppose 3*u - 493 + 466 = -3*l, -5*u + 39 = 3*l. Suppose 0 = 3*d - d + 4*b - 30, -2*d - b + 27 = 0. Calculate the remainder when d is divided by u.
1
Let t be 175*6/75*5. Let i = t - 67. What is the remainder when (-1*(2 - i))/(2/10) is divided by 2?
1
Let v(s) = -s**2 - 11*s - 27. Let c be v(-5). Suppose 4*j - 473 = g, c = 3*g - 6*g. Calculate the remainder when j is divided by 2/8 + (-1113)/(-28).
38
Let g(d) = -d**3 + 2*d**2 - 6*d + 1. Let j be g(5). Let r = j - -140. What is the remainder when r is divided by 19?
17
Calculate the remainder when 3575 is divided by ((-2)/(-1) - 72/42) + 432224/728.
11
Let n = 3319 - 3199. Let u = 72 - 131. Let g = u + n. What is the remainder when g is divided by 8?
5
Let h = 24315 - 24299. Calculate the remainder when h is divided by -2*(5/(-2) - 1).
2
Let g(o) be the third derivative of -o**2 - 1/60*o**5 + 0 + 1/4*o**4 + 0*o + 0*o**3. What is the remainder when 29 is divided by g(5)?
4
Suppose 2*r + 5*i - 5 = 8, -r - 5*i = 1. Let h = r - -7. Calculate the remainder when h is divided by 5 + 2 + (-3 - 2/(-1)).
3
Suppose 21*h - 119498 = 24079. Calculate the remainder when h is divided by 36.
33
Let k(s) = -s**2 - 7*s - 3. Let r be (130/(-39))/(8/(-6) - -2). Let a be k(r). Suppose a*o - 135 = 61. Calculate the remainder when 80 is divided by o.
24
Let l be -29 - 1*-1*(-15 - -14). Let v be (l/(-8))/(21/28). Suppose 2*z - 103 = -v*r, -3*z + 5*z + 65 = 3*r. Calculate the remainder when 101 is divided by r.
17
Suppose m - 26*m + 15120 = 31*m. What is the remainder when 560 is divided by m?
20
Suppose -2*z + 35 = 1. Suppose -6*r + 433 = 49. Calculate the remainder when r is divided by z.
13
What is the remainder when 1216 is divided by -6 + (-11)/(385/(-1036)) - 4/(-10)?
16
Let f(j) = 2*j - 77. Let i be f(25). What is the remainder when 128 is divided by 197/3 - 9/i?
62
Let g(n) = -n**2 - 4*n + 74. Let z be g(-10). Suppose 4*q - 131 = -5*d, 99 = 17*q - z*q + 3*d. Calculate the remainder when 79 is divided by q.
11
Suppose 274*w - 278*w + 4696 = 0. Calculate the remainder when w is divided by 8.
6
Let p = -3540 - -3634. Let z = 28 + -20. Calculate the remainder when p is divided by z.
6
Suppose -2*z + 1058 = -4*u, -2*u + 105 - 91 = 0. What is the remainder when z is divided by 73?
32
Suppose 2*r = -l + 87, 0 = -2*l - 6 - 0. Suppose -4*t - 4*b - 145 + 865 = 0, -5*b + 375 = 2*t. Calculate the remainder when t is divided by r.
40
Let f(o) = -o**3 + 10*o**2 - 8*o - 16. Suppose t - 10 = -4*t. Suppose y - 45 = -y - h, -3*y - t*h + 65 = 0. Calculate the remainder when f(8) is divided by y.
23
Let j be 1/(5/(-218))*-5 - 3. Let f = -200 + j. Calculate the remainder when 419 is divided by f.
14
Let c = 1091 - 839. What is the remainder when c is divided by 11?
10
Suppose 101*l - 3*o + 82 = 105*l, -37 = -l + 2*o. What is the remainder when 267 is divided by l?
17
Suppose 0 = 4*m + 5*r - 13427, 281*r - 279*r - 13430 = -4*m. What is the remainder when m is divided by 30?
28
Let s(t) = t**2 + 4*t - 2. Let a be s(-5). Let k = 49 - -75. Suppose -209 = -a*u + k. Calculate the remainder when u is divided by 16.
15
Let w be (-3)/(-21) - (-950)/(-133). Calculate the remainder when -1*(-1 + 6 + w) + 5 is divided by 5.
2
Let g = -32 + 34. Suppose g*p - 3*q = 38, -q - 12 = 2*q. Calculate the remainder when 636 is divided by p.
12
Suppose -20 = -5*g - 25. Let m be -3 + 0 + 9 + g. Suppose -f + 6*f = -5*b + 215, m*b + 4*f = 211. What is the remainder when b is divided by 8?
7
Let u = -2 + -34. Let o = u + 152. Let f = -11 + o. What is the remainder when f is divided by 27?
24
Let g(v) = -v**3 + 7*v**2 + 11*v - 57. Let c be g(7). Let s = 30 + c. What is the remainder when 192 is divided by s?
42
Let j(h) = h**2 - 8*h - 28. Let m = -54 - -54. Let q be 1*10 + (8/4 - m). Calculate the remainder when j(q) is divided by 7.
6
Let o = -3163 - -3289. Calculate the remainder when 863 is divided by o.
107
Suppose 91 = 11*t - 514. Let p = 170 - -103. Calculate the remainder when p is divided by t.
53
What is the remainder when 37 is divided by 3/(15/(-10)) + (10 - (4 - 11))?
7
What is the remainder when ((1701/2)/(-3))/((-263)/526) is divided by 30?
27
Let i(f) = f**3 - 13*f**2 - f + 9. Let z be i(14). Suppose 7*x - 26 = z. What is the remainder when 59 is divided by x?
28
Suppose -l + 2*f - 268 = 0, 0 = -3*l - 7*f + 11*f - 800. Let m = l - -268. Calculate the remainder when 78 is divided by m.
2
Let v = -5 + 7. Suppose 0 = 4*n + q - 45, -3*q - 7 - v = 0. Let p = 10 + n. Calculate the remainder when p is divided by 5.
2
Let g be 0/(20/(-4)) + -2. What is the remainder when 49 is divided by -4 + (3 - g) + 2 - -8?
5
Let w(g) = -160 - 3*g**2 + 148 + 2*g**2 - 8*g. Let v be w(-4). Suppose m + 5 = 5*s - 3*m, -s + v*m - 15 = 0. Calculate the remainder when 14 is divided by s.
4
Let h = 26 + 4. Suppose 4*f + i + 43 = -24, 2 = f + 4*i. Let a = f + 104. What is the remainder when a is divided by h?
26
Let z(y) = y**2 - 1. Let h be z(-2). Suppose 4*m = 3*m + h. Suppose -2*i = 3*i - 20. Calculate the remainder when i is divided by m.
1
Let a be (4/(4/111))/1. Let j = 312 - a. Calculate the remainder when j is divided by 34.
31
Suppose 0 = 2*z - 4*p - 135 + 79, 0 = -2*z + 3*p + 56. What is the remainder when 597 is divided by z?
9
Let x(z) = -z**2 - 297*z + 130. Calculate the remainder when x(0) is divided by 66.
64
Calculate the remainder when (-22)/110*-5 - 532/(-1) is divided by 210.
113
Suppose 0 = -14*w + 171 + 753. Calculate the remainder when w is divided by (-10)/(-2)*144/30.
18
Let l(h) be the third derivative of h**4/8 + 13*h**3/6 + 33*h**2. Let g be l(-5). Let k = g + 59. Calculate the remainder when k is divided by 22.
13
Let f(l) = l**2 + 41*l - 40*l + 3*l**2. Suppose -3*t - 11 = 2*c, -t - c = 3*c + 17. What is the remainder when f(t) is divided by 1?
0
Let c be -80*2*(2 + 63/(-18)). Suppose 4*r + 4*w - 275 = -w, -3*r + 3*w = -c. What is the remainder when r is divided by 21?
12
Suppose 0 = -5*f - 4*b + 2394, 1084*b - 956 = -2*f + 1082*b. What is the remainder when 500 is divided by f?
18
Let h(a) = a**3 - 3*a**2 - 11. Let w be h(4). Suppose -q = 3*f - 27, w*q + 5*f + 77 - 262 = 0. What is the remainder when q is divided by 11?
9
Suppose -51 = -y - 4. Suppose -59*l + 4 = -232. Suppose -5*w + 42 = -4*q, -2 = -w + l*q - 0. What is the remainder when y is divided by w?
7
Suppose 0 = 19*r - 369 + 160. Calculate the remainder when 12 is divided by r.
1
Suppose -14*a + 10*a = -160. Calculate the remainder when 44 is divided by a.
4
Let a(i) = -4*i + 19. Let c be a(6). Let g(p) = -2*p**2 - 10*p + 5. Suppose -10*v = -333 - 357. What is the remainder when v is divided by g(c)?
4
Let g = 48 - 26. Calculate the remainder when (10/(80/(-218)))/((-7)/28) is divided by g.
21
Suppose 886 = a - 301. Let d = 1304 - a. What is the rema